{"id":28,"date":"2020-02-03T00:13:25","date_gmt":"2020-02-02T23:13:25","guid":{"rendered":"http:\/\/wojownicymaryi.powiatolkuski.pl\/?page_id=28"},"modified":"2023-09-20T15:15:23","modified_gmt":"2023-09-20T13:15:23","slug":"o-nas","status":"publish","type":"page","link":"https:\/\/wojownicymaryi.powiatolkuski.pl\/?page_id=28","title":{"rendered":"O nas"},"content":{"rendered":"<p style=\"text-align: center;\"><strong>Ruch Katolicki \u201eWojownicy Maryi\u201d<\/strong><\/p>\n<p>Wojownicy Maryi &#8211; to maryjny ruch katolicki, kt\u00f3ry zawi\u0105za\u0142 si\u0119 w 2015 roku, podczas odbywaj\u0105cych si\u0119 cyklicznie otwartych spotka\u0144 formacyjnych dla m\u0119\u017cczyzn organizowanych przez Salezjan\u00f3w Ksi\u0119dza Bosko w L\u0105dzie n. Wart\u0105, dzia\u0142aj\u0105cy w ramach Ko\u015bcio\u0142a rzymskokatolickiego, kt\u00f3rego celem jest formowanie m\u0119\u017cczyzn, aby ci przez modlitw\u0119, przyk\u0142ad i \u015bwiadectwo wiary, u\u015bwi\u0119cenie siebie i swoich rodzin, realizowali powo\u0142anie, kt\u00f3rym obdarzy\u0142 ich Pan B\u00f3g oraz pragn\u0119li rozszerza\u0107 nabo\u017ce\u0144stwo ku czci Niepokalanej Dziewicy Maryi.<\/p>\n<p>Ruch zrzesza aktywnych katolik\u00f3w, kt\u00f3rzy w swoim dzia\u0142aniu w pe\u0142ni i bezwarunkowo podporz\u0105dkowuj\u0105 si\u0119 Papie\u017cowi, biskupom oraz kap\u0142anom parafialnym.<\/p>\n<p><strong>Patronem Ruchu jest \u015bw. Jan Bosko<\/strong> \u2013 za\u0142o\u017cyciel Towarzystwa Salezja\u0144skiego i Rodziny Salezja\u0144skiej, \u015bwi\u0119ty Ko\u015bcio\u0142a Katolickiego, kt\u00f3ry jest nazywany \u201eOjcem i Nauczycielem M\u0142odzie\u017cy\u201d.<\/p>\n<p>Jej za\u0142o\u017cycielem i opiekunem duchowym jest ks. Dominik Chmielewski, salezjanin.<\/p>\n<p><strong>Do Ruchu \u201eWojownik\u00f3w Maryi\u201d mo\u017ce wst\u0105pi\u0107 ka\u017cdy m\u0119\u017cczyzna w wieku 18-50 lat, kt\u00f3ry czuje w swoim sercu ogromn\u0105 mi\u0142o\u015b\u0107 do Niepokalanej Dziewicy Maryi, ma szczer\u0105 intencj\u0119 s\u0142u\u017cenia Panu Bogu oraz pragnie ca\u0142kowicie zawierzy\u0107 si\u0119 Jezusowi Chrystusowi przez Niepokalane Serce Maryi.<\/strong><\/p>\n<p><strong>Celem Ruchu jest: <\/strong><\/p>\n<ul>\n<li>formowanie m\u0142odych m\u0119\u017cczyzn w duchu nauczania Ko\u015bcio\u0142a Katolickiego<br \/>\ndo bycia dobrym chrze\u015bcijaninem oraz odpowiedzialnym m\u0119\u017cem i ojcem.<\/li>\n<li>wzmacnianie m\u0119\u017cczyzn w ich odpowiedzialno\u015bci rodzinnej i spo\u0142ecznej.<\/li>\n<li>troska o wzrost duchowy m\u0119\u017cczyzn i ich rodzin.<\/li>\n<li>wspieranie ma\u0142\u017ce\u0144stw w budowaniu zdrowych relacji.<\/li>\n<li>budowanie, wspieranie i wzmacnianie wzorc\u00f3w ojcostwa.<\/li>\n<li>kszta\u0142towanie m\u0119\u017cczyzn do najwa\u017cniejszych warto\u015bci \u2013 B\u00f3g, ma\u0142\u017ce\u0144stwo, \u017cona, dzieci.<\/li>\n<li>przywracanie m\u0119\u017cczyznom ich prawdziwej to\u017csamo\u015bci wojownik\u00f3w ducha, gotowych walczy\u0107 o najwy\u017csze warto\u015bci i prawdy wyznawane przez Ko\u015bci\u00f3\u0142 Katolicki. Walka duchowa Wojownika Maryi odrzuca stosowanie przemocy.<\/li>\n<li>szerzenie czci Naj\u015bwi\u0119tszej Maryi Panny i rozpowszechnianie wszelkiego rodzaju nabo\u017ce\u0144stw i praktyk pobo\u017cnych, szczeg\u00f3lnie wynagradzaj\u0105cych Niepokalanemu Sercu Mary.<\/li>\n<\/ul>\n<p>Formacja odbywa si\u0119 podczas otwartych, cyklicznych spotka\u0144 og\u00f3lnopolskich i regionalnych. Samo uczestnictwo w spotkaniach nie jest jednoznaczne z cz\u0142onkostwem w Ruchu. By tak si\u0119 sta\u0142o, trzeba przej\u015b\u0107 dwuletni\u0105 formacj\u0119 wg zatwierdzonych zasad, aktywnie uczestniczy\u0107 w \u017cyciu i funkcjonowaniu Ruchu oraz przyst\u0105pi\u0107 do uroczystego Pasowania (Przyrzeczenia Miecza).<\/p>\n<p><strong>Grupa regionalna \u201eWojownicy Maryi Wolbrom\u201d powsta\u0142a w uroczysto\u015b\u0107 Niepokalanego Pocz\u0119cia NMP w dniu 8.12.2020 roku<\/strong>. Zawi\u0105za\u0142o j\u0105 siedmiu m\u0119\u017cczyzn formuj\u0105cych si\u0119 w D\u0105browie G\u00f3rniczej. Poni\u017cej film z oddania wsp\u00f3lnoty Niepokalanemu Sercu Maryi w jedno\u015bci z Sercem Jezusa &#8211; kt\u00f3re prowadzi\u0142 opiekun duchowy naszej grupy regionalnej\u00a0 &#8211; ks. W\u0142odzimierz Wiecha \/proboszcz <a href=\"https:\/\/krzyz-wolbrom.pl\/\" target=\"_blank\" rel=\"noopener noreferrer\">Parafii Podwy\u017cszenia Krzy\u017ca \u015awi\u0119tego w Wolbromiu\/.<\/a><\/p>\n<p>Patronem naszej grupy jest \u015bw. Andrzej Bobola.<\/p>\n<p>Aktualnie w spotkaniach regionalnych uczestniczy do 30 m\u0119\u017cczyzn, w\u015br\u00f3d kt\u00f3rych jest sze\u015bciu pasowanych Wojownik\u00f3w Maryi. W czerwcu 2022 roku, z naszej grupy pasowanym Wojownikiem Maryi zosta\u0142 ks. Konrad Kaleta.<\/p>\n<p><strong>Spotkania regionalne odbywaj\u0105 si\u0119 w ka\u017cdy II czwartek miesi\u0105ca<\/strong> <strong>od wrze\u015bnia do czerwca<\/strong> \/wyj\u0105tki og\u0142aszane dora\u017anie\/. <strong>Spotkania rozpoczynamy o godz. 18.00 <\/strong><a href=\"https:\/\/wojownicymaryi.powiatolkuski.pl\/?page_id=190\" target=\"_blank\" rel=\"noopener\">\/szczeg\u00f3\u0142y w linku\/<\/a>. Dodatkowo spotykamy si\u0119 w ka\u017cdy I czwartek miesi\u0105ca na Godzinie \u015awi\u0119tej o 23.00 \/na adoracj\u0119 mo\u017cna przyj\u015b\u0107 ju\u017c o 22.00\/.<\/p>\n<p style=\"text-align: center;\">Zapraszamy !!!<\/p>\n<p>Poni\u017cej film z 8.12.2020 &#8211; zawi\u0105zanie wsp\u00f3lnoty i oddanie jej Niepokalanemu Sercu Maryi w jedno\u015bci z Sercem Jezusa.<br \/>\n<iframe loading=\"lazy\" src=\"https:\/\/www.youtube.com\/embed\/3XqKYoJ4LCQ\" width=\"663\" height=\"373\" frameborder=\"0\" allowfullscreen=\"allowfullscreen\"><\/iframe><\/p>\n<p>Je\u015bli chcesz wi\u0119cej informacji na temat naszej wsp\u00f3lnoty, mo\u017cesz wej\u015b\u0107 na og\u00f3lnopolsk\u0105 stron\u0119 internetow\u0105 <a href=\"http:\/\/www.wojownicymaryi.pl\/\" target=\"_blank\" rel=\"noopener noreferrer\">Wojownik\u00f3w Maryi<\/a><\/p>\n<p>&nbsp;<\/p>\n<p style=\"text-align: center;\"><strong><span style=\"color: #000080;\">Zach\u0119camy do kontaktu:<\/span><\/strong><\/p>\n<p style=\"text-align: center;\"><strong>wojownicymaryi.wolbrom@gmail.com<\/strong><\/p>\n<p style=\"text-align: center;\">733 700 801 &#8211; Jarek<\/p>\n<p style=\"text-align: center;\">607 276 761 &#8211; Mariusz<\/p>\n<div id='gallery-1' class='gallery galleryid-28 gallery-columns-1 gallery-size-full'><dl class='gallery-item'>\n\t\t\t<dt class='gallery-icon landscape'>\n\t\t\t\t<a href='https:\/\/wojownicymaryi.powiatolkuski.pl\/wp-content\/uploads\/2020\/09\/Wojownicy-Maryi-z-Olkusza2.png' rel=\"lightbox[28]\"><img width=\"800\" height=\"450\" src=\"https:\/\/wojownicymaryi.powiatolkuski.pl\/wp-content\/uploads\/2020\/09\/Wojownicy-Maryi-z-Olkusza2.png\" class=\"attachment-full size-full\" alt=\"\" decoding=\"async\" loading=\"lazy\" srcset=\"https:\/\/wojownicymaryi.powiatolkuski.pl\/wp-content\/uploads\/2020\/09\/Wojownicy-Maryi-z-Olkusza2.png 800w, https:\/\/wojownicymaryi.powiatolkuski.pl\/wp-content\/uploads\/2020\/09\/Wojownicy-Maryi-z-Olkusza2-300x169.png 300w, https:\/\/wojownicymaryi.powiatolkuski.pl\/wp-content\/uploads\/2020\/09\/Wojownicy-Maryi-z-Olkusza2-768x432.png 768w\" sizes=\"(max-width: 800px) 100vw, 800px\" \/><\/a>\n\t\t\t<\/dt><\/dl><br style=\"clear: both\" \/><dl class='gallery-item'>\n\t\t\t<dt class='gallery-icon landscape'>\n\t\t\t\t<a href='https:\/\/wojownicymaryi.powiatolkuski.pl\/wp-content\/uploads\/2020\/09\/Wojownicy-MAryi-w-Cz\u0119stochowie2.png' rel=\"lightbox[28]\"><img width=\"800\" height=\"450\" src=\"https:\/\/wojownicymaryi.powiatolkuski.pl\/wp-content\/uploads\/2020\/09\/Wojownicy-MAryi-w-Cz\u0119stochowie2.png\" class=\"attachment-full size-full\" alt=\"\" decoding=\"async\" loading=\"lazy\" srcset=\"https:\/\/wojownicymaryi.powiatolkuski.pl\/wp-content\/uploads\/2020\/09\/Wojownicy-MAryi-w-Cz\u0119stochowie2.png 800w, https:\/\/wojownicymaryi.powiatolkuski.pl\/wp-content\/uploads\/2020\/09\/Wojownicy-MAryi-w-Cz\u0119stochowie2-300x169.png 300w, https:\/\/wojownicymaryi.powiatolkuski.pl\/wp-content\/uploads\/2020\/09\/Wojownicy-MAryi-w-Cz\u0119stochowie2-768x432.png 768w\" sizes=\"(max-width: 800px) 100vw, 800px\" \/><\/a>\n\t\t\t<\/dt><\/dl><br style=\"clear: both\" \/><dl class='gallery-item'>\n\t\t\t<dt class='gallery-icon landscape'>\n\t\t\t\t<a href='https:\/\/wojownicymaryi.powiatolkuski.pl\/wp-content\/uploads\/2022\/02\/Mariusz3-10022022.jpg' rel=\"lightbox[28]\"><img width=\"1600\" height=\"1200\" src=\"https:\/\/wojownicymaryi.powiatolkuski.pl\/wp-content\/uploads\/2022\/02\/Mariusz3-10022022.jpg\" class=\"attachment-full size-full\" alt=\"\" decoding=\"async\" loading=\"lazy\" srcset=\"https:\/\/wojownicymaryi.powiatolkuski.pl\/wp-content\/uploads\/2022\/02\/Mariusz3-10022022.jpg 1600w, https:\/\/wojownicymaryi.powiatolkuski.pl\/wp-content\/uploads\/2022\/02\/Mariusz3-10022022-300x225.jpg 300w, https:\/\/wojownicymaryi.powiatolkuski.pl\/wp-content\/uploads\/2022\/02\/Mariusz3-10022022-768x576.jpg 768w, https:\/\/wojownicymaryi.powiatolkuski.pl\/wp-content\/uploads\/2022\/02\/Mariusz3-10022022-1024x768.jpg 1024w, https:\/\/wojownicymaryi.powiatolkuski.pl\/wp-content\/uploads\/2022\/02\/Mariusz3-10022022-200x150.jpg 200w, https:\/\/wojownicymaryi.powiatolkuski.pl\/wp-content\/uploads\/2022\/02\/Mariusz3-10022022-70x53.jpg 70w\" sizes=\"(max-width: 1600px) 100vw, 1600px\" \/><\/a>\n\t\t\t<\/dt><\/dl><br style=\"clear: both\" \/><dl class='gallery-item'>\n\t\t\t<dt class='gallery-icon landscape'>\n\t\t\t\t<a href='https:\/\/wojownicymaryi.powiatolkuski.pl\/wp-content\/uploads\/2021\/12\/B0.png' rel=\"lightbox[28]\"><img width=\"800\" height=\"450\" src=\"https:\/\/wojownicymaryi.powiatolkuski.pl\/wp-content\/uploads\/2021\/12\/B0.png\" class=\"attachment-full size-full\" alt=\"\" decoding=\"async\" loading=\"lazy\" srcset=\"https:\/\/wojownicymaryi.powiatolkuski.pl\/wp-content\/uploads\/2021\/12\/B0.png 800w, https:\/\/wojownicymaryi.powiatolkuski.pl\/wp-content\/uploads\/2021\/12\/B0-300x169.png 300w, https:\/\/wojownicymaryi.powiatolkuski.pl\/wp-content\/uploads\/2021\/12\/B0-768x432.png 768w, https:\/\/wojownicymaryi.powiatolkuski.pl\/wp-content\/uploads\/2021\/12\/B0-580x326.png 580w, https:\/\/wojownicymaryi.powiatolkuski.pl\/wp-content\/uploads\/2021\/12\/B0-174x98.png 174w\" sizes=\"(max-width: 800px) 100vw, 800px\" \/><\/a>\n\t\t\t<\/dt><\/dl><br style=\"clear: both\" \/><dl class='gallery-item'>\n\t\t\t<dt class='gallery-icon portrait'>\n\t\t\t\t<a href='https:\/\/wojownicymaryi.powiatolkuski.pl\/wp-content\/uploads\/2021\/12\/B10.jpg' rel=\"lightbox[28]\"><img width=\"720\" height=\"1600\" src=\"https:\/\/wojownicymaryi.powiatolkuski.pl\/wp-content\/uploads\/2021\/12\/B10.jpg\" class=\"attachment-full size-full\" alt=\"\" decoding=\"async\" loading=\"lazy\" srcset=\"https:\/\/wojownicymaryi.powiatolkuski.pl\/wp-content\/uploads\/2021\/12\/B10.jpg 720w, https:\/\/wojownicymaryi.powiatolkuski.pl\/wp-content\/uploads\/2021\/12\/B10-135x300.jpg 135w, https:\/\/wojownicymaryi.powiatolkuski.pl\/wp-content\/uploads\/2021\/12\/B10-461x1024.jpg 461w\" sizes=\"(max-width: 720px) 100vw, 720px\" \/><\/a>\n\t\t\t<\/dt><\/dl><br style=\"clear: both\" \/>\n\t\t<\/div>\n\n","protected":false},"excerpt":{"rendered":"<p>Ruch Katolicki \u201eWojownicy Maryi\u201d Wojownicy Maryi &#8211; to maryjny ruch katolicki, kt\u00f3ry zawi\u0105za\u0142 si\u0119 w 2015 roku, podczas odbywaj\u0105cych si\u0119 cyklicznie otwartych spotka\u0144 formacyjnych dla m\u0119\u017cczyzn organizowanych przez Salezjan\u00f3w Ksi\u0119dza Bosko w L\u0105dzie n. Wart\u0105, dzia\u0142aj\u0105cy w ramach Ko\u015bcio\u0142a rzymskokatolickiego, kt\u00f3rego celem jest formowanie m\u0119\u017cczyzn, aby ci przez modlitw\u0119, przyk\u0142ad i \u015bwiadectwo wiary, u\u015bwi\u0119cenie siebie i swoich rodzin, realizowali powo\u0142anie, kt\u00f3rym obdarzy\u0142 ich Pan B\u00f3g oraz pragn\u0119li rozszerza\u0107 nabo\u017ce\u0144stwo ku czci Niepokalanej Dziewicy Maryi. Ruch zrzesza aktywnych katolik\u00f3w, kt\u00f3rzy w swoim dzia\u0142aniu w pe\u0142ni i bezwarunkowo podporz\u0105dkowuj\u0105 si\u0119 Papie\u017cowi, biskupom oraz kap\u0142anom parafialnym. Patronem Ruchu jest \u015bw. Jan Bosko \u2013 za\u0142o\u017cyciel Towarzystwa Salezja\u0144skiego i Rodziny Salezja\u0144skiej, \u015bwi\u0119ty Ko\u015bcio\u0142a Katolickiego, kt\u00f3ry jest nazywany \u201eOjcem i Nauczycielem M\u0142odzie\u017cy\u201d. Jej za\u0142o\u017cycielem i opiekunem duchowym jest ks. Dominik Chmielewski, salezjanin. Do Ruchu \u201eWojownik\u00f3w Maryi\u201d mo\u017ce wst\u0105pi\u0107 ka\u017cdy m\u0119\u017cczyzna w wieku 18-50 lat, kt\u00f3ry czuje w swoim sercu ogromn\u0105 mi\u0142o\u015b\u0107 do Niepokalanej Dziewicy Maryi, ma szczer\u0105 intencj\u0119 s\u0142u\u017cenia Panu Bogu oraz pragnie ca\u0142kowicie zawierzy\u0107 si\u0119 Jezusowi Chrystusowi przez Niepokalane Serce Maryi. Celem Ruchu jest: formowanie m\u0142odych m\u0119\u017cczyzn w duchu nauczania Ko\u015bcio\u0142a Katolickiego do bycia dobrym chrze\u015bcijaninem oraz odpowiedzialnym m\u0119\u017cem i ojcem. wzmacnianie m\u0119\u017cczyzn w ich odpowiedzialno\u015bci rodzinnej i spo\u0142ecznej. troska o wzrost duchowy m\u0119\u017cczyzn i [&#8230;]<\/p>\n","protected":false},"author":1,"featured_media":158,"parent":0,"menu_order":0,"comment_status":"closed","ping_status":"closed","template":"","meta":[],"_links":{"self":[{"href":"https:\/\/wojownicymaryi.powiatolkuski.pl\/index.php?rest_route=\/wp\/v2\/pages\/28"}],"collection":[{"href":"https:\/\/wojownicymaryi.powiatolkuski.pl\/index.php?rest_route=\/wp\/v2\/pages"}],"about":[{"href":"https:\/\/wojownicymaryi.powiatolkuski.pl\/index.php?rest_route=\/wp\/v2\/types\/page"}],"author":[{"embeddable":true,"href":"https:\/\/wojownicymaryi.powiatolkuski.pl\/index.php?rest_route=\/wp\/v2\/users\/1"}],"replies":[{"embeddable":true,"href":"https:\/\/wojownicymaryi.powiatolkuski.pl\/index.php?rest_route=%2Fwp%2Fv2%2Fcomments&post=28"}],"version-history":[{"count":21,"href":"https:\/\/wojownicymaryi.powiatolkuski.pl\/index.php?rest_route=\/wp\/v2\/pages\/28\/revisions"}],"predecessor-version":[{"id":601,"href":"https:\/\/wojownicymaryi.powiatolkuski.pl\/index.php?rest_route=\/wp\/v2\/pages\/28\/revisions\/601"}],"wp:featuredmedia":[{"embeddable":true,"href":"https:\/\/wojownicymaryi.powiatolkuski.pl\/index.php?rest_route=\/wp\/v2\/media\/158"}],"wp:attachment":[{"href":"https:\/\/wojownicymaryi.powiatolkuski.pl\/index.php?rest_route=%2Fwp%2Fv2%2Fmedia&parent=28"}],"curies":[{"name":"wp","href":"https:\/\/api.w.org\/{rel}","templated":true}]}}